{"id":43,"date":"2026-04-09T20:04:19","date_gmt":"2026-04-09T20:04:19","guid":{"rendered":"https:\/\/kuala.click\/?page_id=43"},"modified":"2026-04-09T21:42:09","modified_gmt":"2026-04-09T21:42:09","slug":"termos-e-condicoes","status":"publish","type":"page","link":"https:\/\/kuala.click\/?page_id=43&lang=en","title":{"rendered":"Termos e Condi\u00e7\u00f5es"},"content":{"rendered":"\n<p><strong>Termos e Condi\u00e7\u00f5es<\/strong><\/p>\n\n\n\n<p><strong>\u00daltima atualiza\u00e7\u00e3o:<\/strong> [inserir data]<\/p>\n\n\n\n<p><strong>1. Objeto<\/strong><\/p>\n\n\n\n<p>Os presentes Termos e Condi\u00e7\u00f5es regulam a utiliza\u00e7\u00e3o do website da Forum Consulting.<\/p>\n\n\n\n<p><strong>2. Utiliza\u00e7\u00e3o do website<\/strong><\/p>\n\n\n\n<p>O utilizador compromete-se a utilizar o website de forma l\u00edcita e respons\u00e1vel.<\/p>\n\n\n\n<p><strong>3. Propriedade intelectual<\/strong><\/p>\n\n\n\n<p>Todos os conte\u00fados deste website s\u00e3o propriedade da F\u00f3rum Casa Consulting &#8211; Consultadoria e Gest\u00e3o Lda ou utilizados com autoriza\u00e7\u00e3o.<\/p>\n\n\n\n<p><strong>4. Limita\u00e7\u00e3o de responsabilidade<\/strong><\/p>\n\n\n\n<p>A Forum Consulting n\u00e3o garante a inexist\u00eancia de interrup\u00e7\u00f5es ou erros.<\/p>\n\n\n\n<p><strong>5. Liga\u00e7\u00f5es externas<\/strong><\/p>\n\n\n\n<p>O website pode conter links para terceiros, n\u00e3o sendo respons\u00e1vel pelos mesmos.<\/p>\n\n\n\n<p><strong>6. Lei aplic\u00e1vel<\/strong><\/p>\n\n\n\n<p>Os presentes Termos regem-se pela lei portuguesa.<\/p>\n\n\n\n<p><strong>Identifica\u00e7\u00e3o da entidade<\/strong><\/p>\n\n\n\n<p><strong>F\u00f3rum Casa Consulting &#8211; Consultadoria e Gest\u00e3o Lda<\/strong><br>NIF: 507322002<br>Rua Rui Barbosa 21<br>4150-641 Porto<br>Email: <a href=\"mailto:geral.forum@gmail.com\">geral.forum@gmail.com<\/a><\/p>\n","protected":false},"excerpt":{"rendered":"<p>Termos e Condi\u00e7\u00f5es \u00daltima atualiza\u00e7\u00e3o: [inserir data] 1. Objeto Os presentes Termos e Condi\u00e7\u00f5es regulam a utiliza\u00e7\u00e3o do website da Forum Consulting. 2. Utiliza\u00e7\u00e3o do website O utilizador compromete-se a utilizar o website de forma l\u00edcita e respons\u00e1vel. 3. Propriedade intelectual Todos os conte\u00fados deste website s\u00e3o propriedade da F\u00f3rum Casa Consulting &#8211; Consultadoria e [&hellip;]<\/p>\n","protected":false},"author":1,"featured_media":0,"parent":0,"menu_order":0,"comment_status":"closed","ping_status":"closed","template":"elementor_theme","meta":{"_acf_changed":false,"footnotes":""},"class_list":["post-43","page","type-page","status-publish","hentry"],"acf":[],"_links":{"self":[{"href":"https:\/\/kuala.click\/index.php?rest_route=\/wp\/v2\/pages\/43","targetHints":{"allow":["GET"]}}],"collection":[{"href":"https:\/\/kuala.click\/index.php?rest_route=\/wp\/v2\/pages"}],"about":[{"href":"https:\/\/kuala.click\/index.php?rest_route=\/wp\/v2\/types\/page"}],"author":[{"embeddable":true,"href":"https:\/\/kuala.click\/index.php?rest_route=\/wp\/v2\/users\/1"}],"replies":[{"embeddable":true,"href":"https:\/\/kuala.click\/index.php?rest_route=%2Fwp%2Fv2%2Fcomments&post=43"}],"version-history":[{"count":2,"href":"https:\/\/kuala.click\/index.php?rest_route=\/wp\/v2\/pages\/43\/revisions"}],"predecessor-version":[{"id":56,"href":"https:\/\/kuala.click\/index.php?rest_route=\/wp\/v2\/pages\/43\/revisions\/56"}],"wp:attachment":[{"href":"https:\/\/kuala.click\/index.php?rest_route=%2Fwp%2Fv2%2Fmedia&parent=43"}],"curies":[{"name":"wp","href":"https:\/\/api.w.org\/{rel}","templated":true}]}}