{"id":45,"date":"2026-04-09T20:04:52","date_gmt":"2026-04-09T20:04:52","guid":{"rendered":"https:\/\/kuala.click\/?page_id=45"},"modified":"2026-04-09T21:40:04","modified_gmt":"2026-04-09T21:40:04","slug":"politica-de-cookies","status":"publish","type":"page","link":"https:\/\/kuala.click\/?page_id=45&lang=en","title":{"rendered":"Pol\u00edtica de Cookies"},"content":{"rendered":"\n<p><strong>Pol\u00edtica de Cookies<\/strong><\/p>\n\n\n\n<p><strong>\u00daltima atualiza\u00e7\u00e3o:<\/strong> 09\/04\/2026<\/p>\n\n\n\n<p>Este website utiliza cookies para melhorar a experi\u00eancia de navega\u00e7\u00e3o e, quando aplic\u00e1vel, recolher informa\u00e7\u00e3o estat\u00edstica e funcional.<\/p>\n\n\n\n<p><strong>1. O que s\u00e3o cookies<\/strong><\/p>\n\n\n\n<p>Cookies s\u00e3o pequenos ficheiros de texto armazenados no dispositivo do utilizador quando visita um website.<\/p>\n\n\n\n<p><strong>2. Tipos de cookies que podem ser utilizados<\/strong><\/p>\n\n\n\n<p>Este website pode utilizar as seguintes categorias de cookies:<\/p>\n\n\n\n<ul class=\"wp-block-list\">\n<li>cookies estritamente necess\u00e1rios<\/li>\n\n\n\n<li>cookies funcionais<\/li>\n\n\n\n<li>cookies anal\u00edticos (se aplic\u00e1vel)<\/li>\n<\/ul>\n\n\n\n<p><strong>3. Consentimento<\/strong><\/p>\n\n\n\n<p>Sempre que aplic\u00e1vel, os cookies n\u00e3o essenciais apenas ser\u00e3o utilizados ap\u00f3s consentimento do utilizador.<\/p>\n\n\n\n<p><strong>4. Gest\u00e3o de cookies<\/strong><\/p>\n\n\n\n<p>O utilizador pode, a qualquer momento:<\/p>\n\n\n\n<ul class=\"wp-block-list\">\n<li>configurar o navegador para bloquear ou eliminar cookies<\/li>\n<\/ul>\n\n\n\n<p><strong>5. Altera\u00e7\u00f5es<\/strong><\/p>\n\n\n\n<p>A presente Pol\u00edtica de Cookies pode ser revista a qualquer momento.<\/p>\n","protected":false},"excerpt":{"rendered":"<p>Pol\u00edtica de Cookies \u00daltima atualiza\u00e7\u00e3o: 09\/04\/2026 Este website utiliza cookies para melhorar a experi\u00eancia de navega\u00e7\u00e3o e, quando aplic\u00e1vel, recolher informa\u00e7\u00e3o estat\u00edstica e funcional. 1. O que s\u00e3o cookies Cookies s\u00e3o pequenos ficheiros de texto armazenados no dispositivo do utilizador quando visita um website. 2. Tipos de cookies que podem ser utilizados Este website pode [&hellip;]<\/p>\n","protected":false},"author":1,"featured_media":0,"parent":0,"menu_order":0,"comment_status":"closed","ping_status":"closed","template":"elementor_theme","meta":{"_acf_changed":false,"footnotes":""},"class_list":["post-45","page","type-page","status-publish","hentry"],"acf":[],"_links":{"self":[{"href":"https:\/\/kuala.click\/index.php?rest_route=\/wp\/v2\/pages\/45","targetHints":{"allow":["GET"]}}],"collection":[{"href":"https:\/\/kuala.click\/index.php?rest_route=\/wp\/v2\/pages"}],"about":[{"href":"https:\/\/kuala.click\/index.php?rest_route=\/wp\/v2\/types\/page"}],"author":[{"embeddable":true,"href":"https:\/\/kuala.click\/index.php?rest_route=\/wp\/v2\/users\/1"}],"replies":[{"embeddable":true,"href":"https:\/\/kuala.click\/index.php?rest_route=%2Fwp%2Fv2%2Fcomments&post=45"}],"version-history":[{"count":3,"href":"https:\/\/kuala.click\/index.php?rest_route=\/wp\/v2\/pages\/45\/revisions"}],"predecessor-version":[{"id":55,"href":"https:\/\/kuala.click\/index.php?rest_route=\/wp\/v2\/pages\/45\/revisions\/55"}],"wp:attachment":[{"href":"https:\/\/kuala.click\/index.php?rest_route=%2Fwp%2Fv2%2Fmedia&parent=45"}],"curies":[{"name":"wp","href":"https:\/\/api.w.org\/{rel}","templated":true}]}}